3 - -8 - (-8 + -1)).
11
1 - 6 - ((-5 - 2) + 9 + -20)
13
What is the value of 2 - (-24 + 16) - ((-3 - 3) + 2)?
14
Evaluate -17 + -18 + 30 + -15.
-20
What is (-7 - (-11 - 4)) + -3 - 8?
-3
What is the value of 3 - (-2 + (4 + 9 - 2))?
-6
Calculate -5 + 9 + 5 + 6.
15
What is 30 - (-12 + (23 - -6))?
13
Evaluate (-11 - (-2 - -4)) + (168 - 161).
-6
What is the value of 4 + (-25 - (38 - 73))?
14
What is the value of 4 + -2 - (11 - (5 + -5))?
-9
What is the value of 37 + -69 + (-1 - -29)?
-4
What is -22 - ((0 - 0) + (-35 - -13) + 16)?
-16
Evaluate 20 + (8 + 3 - 16).
15
Calculate -3 - -1 - (956 - 954).
-4
What is 47 + (-23 - 8) + -5?
11
What is (-2 - -3 - (5 - 6)) + 1 + -4?
-1
What is -4 + 3 + -7 + (29 - 27)?
-6
What is the value of -2 + 15 + (-1 - -6) + -8?
10
Evaluate 0 - 2 - (-2 + 6 - (-10 + 22)).
6
((7 + 3 - 7) + -10 - -10) + 13
16
Evaluate -57 - -51 - ((2 + 1 - 5) + 7).
-11
Calculate (7 - 7) + -4 - (4 - 18 - -5).
5
What is the value of -15 + (11 + -2 - 1)?
-7
-8 - -5 - (4 + -5)
-2
What is -35 + (-33 + 56 - 10)?
-22
What is 0 - 4 - ((0 - 47) + 211 + -193)?
25
What is 6 + 7 + -3 + (12 - 19) + -14?
-11
What is the value of (2 - -2 - 12) + -2 + -1 - 3?
-14
Evaluate 13 + 0 - (154 - 142).
1
Evaluate (-13 - (-1 + -1) - 10) + 1.
-20
What is 36 + -39 + (-2 - (3 - 3)) + -2?
-7
Evaluate 8 + (19 - 22) - (14 + -1) - -6.
-2
What is 9 + 0 + (23 + (-11 - 2) - 0)?
19
What is 28 + (7 - 13) + -2 + -3?
17
-19 + 0 - (-105 - -66)
20
Calculate -778 - -765 - (2 + -3).
-12
-6 + (2 - -7) + (12 - 7) + -9
-1
Evaluate -107 - -106 - (-7 - (0 + -3)).
3
3 - (-10 + (1 - -13) + 7)
-8
What is the value of -29 + (-17 - -29) + 6?
-11
What is -3 + -15 - (151 - 161)?
-8
What is -30 + 6 + 23 + 13?
12
Evaluate -28 + 46 + -10 + -28.
-20
Evaluate (-7 - -1) + (-1 - -5 - (10 + -5)).
-7
(-6 + -14 - -2 - -5) + 7 - 2
-8
Calculate 6 + -8 + -5 + -2.
-9
What is 2 - ((-1 - -63) + (-45 - -26))?
-41
Calculate -9 + (14 - (-9 + 15)) - (-1 + -5).
5
Evaluate 1287 + -1292 - (6 - (0 + 1 + 0)).
-10
0 + -6 + (-37 - -24) + (6 - -14)
1
-18 - -2 - (-11 + 2)
-7
Calculate -5 + 0 - (-24 + 39 + 7 + -54).
27
What is the value of 9 + 12 - (9 + -3) - 3?
12
What is the value of -9 + (3 - 2) - (-10 + 1)?
1
3 + -10 + (11 - (11 + (-4 - 2)))
-1
What is the value of 17 + -4 + -6 + -16?
-9
Evaluate (14 - 1) + 331 + -363.
-19
Evaluate 21 + (6 + -3 - 10 - 2).
12
Evaluate -9 - ((-9 - -1) + 9).
-10
Evaluate 0 - ((-16 - -6) + 29 + -13).
-6
Evaluate 4 + (6 + (2 - 3) + -3 - -6).
12
What is the value of (-36 - (19 + -40)) + 22?
7
Calculate -335 + 330 - (0 + -1).
-4
What is the value of -7 - ((12 - 8) + -3)?
-8
Calculate (-15 - (-12 + (10 - 3))) + 14.
4
-8 + (3 - -5) + 9 + (5 - 1)
13
What is (38 - 9 - 17) + -4?
8
Calculate -7 + 4 + (-6 - -9) + (24 - 12).
12
What is the value of 13 - 27 - -20 - (-8 + 1 + 2)?
11
Evaluate 0 + (6 - 4 - 8) + 2 - -3.
-1
Evaluate 19 + -11 + 3 + (-16 - 13).
-18
Evaluate 1 + (-5 - -16 - 13) - (1 - 6).
4
What is 5 - (-2 + -2 + (-1 - (1 + -3)))?
8
Calculate -3 + 2 + 1 + -3 + 9 + -8.
-2
Calculate (6 - 9) + (4 - 10) + 0.
-9
11 + -9 - 13 - -3 - -1
-7
Evaluate 7 - (-92 + 77 - (-1 - (0 + -2))).
23
What is (-6 - (1 + -3 + 1)) + 13 + -12?
-4
Calculate (-90 - -97) + (1 - -3).
11
Evaluate -6 + (-8 - (-4 - 21)) + -3 + -1.
7
What is the value of -2 + (-2 - 7 - -13)?
2
What is the value of 4 + (-1 - (-19 - 12))?
34
Calculate 19 + (0 - 1) + 30 + -18 + -11.
19
Evaluate -10 + (11 - 9) + 5 + -2.
-5
What is -9 - (16 - 9) - -19?
3
Calculate 246 - 215 - (0 + 15).
16
Calculate (20 - 10) + -5 - -4 - 20 - 11.
-22
Calculate -22 + -40 + 92 - 16.
14
Calculate -7 + 1 - (8 + -4 - (-4 + 12)).
-2
What is -7 - (-22 + 17 + -14)?
12
What is the value of -11 - 0 - (-155 + 140) - 26?
-22
-6 + 12 - (3 + -2 + -1 + 5)
1
What is the value of (22 - 0) + 0 + 10 + -19 + 2?
15
What is the value of 25 + -31 + 49 + -19?
24
Evaluate 10 + 3 + -8 - (-4 - (4 + -3)).
10
What is the value of -18 + 30 + (0 - 3)?
9
What is 8 + (-3 + -5 - 4) - (1 + -3)?
-2
What is 0 - (-10 - -9) - -15?
16
Evaluate -37 + (-14 - -14) + 26.
-11
Calculate (32 - (2 + 16)) + -16.
-2
Evaluate (-1 + 31 - 3) + -21 + 9.
15
What is the value of 1 + -12 - 0 - (500 + -527)?
16
Evaluate 4 + (-8 - 6) + 4.
-6
What is (-3 - (6 + -13)) + -4 - 8?
-8
What is the value of 2 + 0 + -2 - (-3 + -5)?
8
(-15 - ((17 - 13) + -9)) + 30
20
What is (-11 - -23) + (15 - -2 - 60)?
-31
What is -4 + (-8 + -5 - -21)?
4
191 - 205 - (-23 + -1)
10
Evaluate 6 + (-1 - 4) + (-1 - -6 - 1).
5
What is the value of (1 - -3) + (-86 - -86) + 1 + -11?
-6
What is 4 + 2 + -1 + (-1 - -2 - -3)?
9
Calculate 2 - 4 - -16 - 17.
-3
Evaluate (3 - 13) + (-3 + -23 - -2).
-34
What is the value of -25 + 24 + (-1 - 10) + -5?
-17
Calculate -7 + (5 - ((2 - -5) + 2)).
-11
Calculate (-18 - -10) + (-1 - (-22 - -2)) + -26.
-15
(-4 - -2 - 12) + -15 + 7
-22
Calculate -31 - (16 - 9 - 19).
-19
What is (-23 - (4 - (18 + -4))) + 33?
20
-3 + 1 - ((1 - -7) + 8 + -23)
5
What is the value of (769 - 786) + (2 - (4 + 3))?
-22
5 + 2 + -7 + -1 - -8
7
Evaluate 8 + -29 - (-20 + 16 + (11 - 0)).
-28
What is the value of -2 + (-12 - -8 - -2 - 7)?
-11
Calculate (0 - -2) + -11 + (-8 - -2) + 4.
-11
(26 - (-12 - -46)) + 22
14
Evaluate -35 + 15 + -20 + 35.
-5
Calculate 14 + -1 - -6 - 11.
8
-35 - ((19 - 5 - -4) + -9 + -18)
-26
Evaluate -64 + 58 + (-4 + 4 - -2) + -6.
-10
0 - ((-1 - 7) + (4 - 1))
5
What is (-8 - 0) + 6 + (24 - 10)?
12
Calculate -13 - (-23 - (-28 - 5)).
-23
-5 + (-5 - -40) + -58
-28
What is 8 + -7 + 1 - (4 + 9 + -7)?
-4
Calculate 5 - (12 + -25 - (-10 - (0 - 3))).
11
6 - ((-16 - 5) + 7 - (-3 - -3))
20
What is -10 + -3 + 1 - (36 + -23 + -1)?
-24
(-37 - -32) + 13 + -3
5
Evaluate 4 + 3 + (-1 + (0 - 0) - 5).
1
What is 10 + 4 + -18 + -4?
-8
Calculate (6 + 5 + -8 - -15) + -5.
13
-7 + (-2 + -20 + 11 - -12)
-6
What is (-9 - 5) + 3 + 5?
-6
Evaluate 1 - 4 - (42 - 57).
12
10 + 10 + (-32 - 1)
-13
10 + (-13 + 3 - (-32 - -16))
16
What is -9 + 17 + (-4 - 2)?
2
What is the value of -12 - (11 + -14 + (-8 - -9))?
-10
Evaluate -6 + 5 + 1 - -15.
15
What is the value of -2 - (2 - (-14 - -23))?
5
What is the value of -9 + (9 - 16) + 5?
-11
Evaluate -12 + (32 - 28) + (-2 - -4).
-6
What is -8 + 30 - 24 - (-1 - 0 - 1)?
0
What is the value of -126 + 130 - (-7 - (3 + -2 + 1))?
13
What is the value of -27 + 8 + 14 - 4?
-9
What is -27 + 36 - 39 - -2?
-28
What is the value of (-5 - (-4 - (12 - 6))) + -4 + 4?
5
Calculate -29 + 6 + -47 + 47.
-23
What is 5 + 0 + 2 - (1 - 5)?
11
-32 - (35 + -72) - -5
10
Evaluate -6 - (-8 - -31 - (2 - -2)).
-25
What is the value of (-51 - -37) + 11 + (19 + -2 - -1)?
15
(28 - -1) + 32 + -39 + -2
20
Evaluate -15 + (1 - ((-8 - -5) + -1)).
-10
Calculate -25 + (12 - -2) - -33.
22
What is the value of -15 + 3 + -1 + -1 - (-138 - -133)?
-9
(-9 - (-8 + 1 - (-9 + 13))) + 2
4
Calculate 0 + 9 + (-117 - -115) + 20.
27
What is (-2 - 11) + 181 + -157 + 19?
30
What is (-24 + 5 - -23) + -2?
2
What is -14 + 4 + 5 + 6?
1
(-1 - 22) + (-1 - (-19 - -20))
-25
What is the value of -17 + -3 + 14 + -2 + -1 + 9?
0
-2 + 3 + (-8 - (-24 - -36))
-19
Evaluate 0 + -13 + 10 + 7 - (4 + 2).
-2
(-15 + 9 - -6) + (-1 + -10 - -3)
-8
What is the value of -2 + (30 - (24 - 20))?
24
What is the value of -6 - (-95 + 22) - 34?
33
What is the value of 3 + -10 - (-20 - -8)?
5
What is the value of -9 + -2 + -18 + 3 - -3?
-23
(3 + -17 - 6) + 26
6
What is 0 + 1 - ((-73 - -57) + (20 - 0))?
-3
-4 + ((5 - -2) + -10 - 2 - -4)
-5
What is the value of -3 + -5 + (11 + 4 - 3) - -4?
8
What is the value of 8 - (4 + 1 - (-2 + -3 - -5))?
3
Calculate -26 + (-9 - -56) + -14.
7
Calculate -7 - (2 + (-75 - -61) + 2 + 7).
-4
-5 + 7 + (0 + 7 - 1) + -26
-18
(19 - (12 - 0) - 24) + (2 - 2)
-17
13 - ((3 - 12) + 15)
7
What is the value of 36 + -14 + 7 + -32?
-3
Calculate 36 + -59 - (-41 + 9).
9
Evaluate -8 - -2 - (-30 - -19).
5
Calculate -3 + (5 - -16) - (3 - 3 - 0).
18
Calculate -1 + -4 - (176 - 169).
-12
(-2 - 11) + 0 + 4
-9
What is the value of (4 - (-4 - (0 + -1))) + -18 + 5?
-6
Evaluate 38 + (37 - 40 - -1).
36
What is the value of (10 + -2 - 7 - -2) + 6?
9
What is the value of -10 + 6 + 0 + 1 - 2?
-5
Evaluate -7 - ((-8 - -3) + -1) - (2 + 2).
-5
Evaluate 20 + -1 + -32 + 4 + 14.
5
Calculate -5 + 7 + (-7 - -4 - -5 - 11).
-7
Evaluate -12 + (-8 - -28) + -21.
-13
What is the value of 0 + 5 + -5 + -6 + 2 - 8?
-12
What is the value of 